 composite number?
False
Suppose -4*d + 50 = 6*d. Suppose -7282 = -2*o + 4*k, 3*o - 4500 - 6456 = -d*k. Is o a prime number?
False
Let b be 4/40*-5 - (-63)/(-2). Is (-11512)/b*2*(1 + 1) composite?
False
Let d = 57 + -79. Let a(m) = -m**2 - 21*m + 7. Let c be a(d). Is 1/((-6)/(-4)) - 40595/c a composite number?
False
Let c(l) = l + 46. Suppose -2 = -9*v + 8*v. Suppose -v*i - 5 = -5*w, 0 = 4*i - 4*w - w + 5. Is c(i) a composite number?
True
Let w be (-82)/(-8) + (-8)/32. Suppose -w*t - 27731 = t. Let z = t - -5228. Is z composite?
False
Suppose 0*x = -3*x - 15. Let v(p) = 121*p**2 - p + 11. Is v(x) a prime number?
True
Let v be 3/1 - (-4)/(-2) - -2. Suppose -16*l = -v*l - 54899. Is l prime?
False
Suppose 117799 = 5*h - 4*u - 8536, -5*h = -5*u - 126330. Is h a prime number?
False
Let s = 161 - 165. Is ((-35844)/(-18))/(s/(-6)) a prime number?
False
Suppose 5*j - 17 = -2*w + 28, 4*j - w = 49. Suppose 0 = j*i - 47*i + 48348. Is i a prime number?
False
Is (834/(-30))/((-26)/91130) prime?
False
Suppose -5*a = 4*x - 61, 3*x - 8 - 15 = -2*a. Let l(k) = 2*k - 27. Let g be l(a). Is 4014/(-72)*(g + -7) prime?
False
Suppose -17*a - 15*a + 586525 = -7*a. Is a a prime number?
False
Suppose 81*u - 2195127 = -38*u + 1722234. Is u a prime number?
False
Let l(o) = -28*o**2 - 20*o + 25. Let m(i) = -29*i**2 - 19*i + 26. Let u(t) = 3*l(t) - 4*m(t). Is u(16) a composite number?
False
Let b(k) = -5*k**2 + 61*k - 8. Let m be b(12). Suppose 5*d + 2*r + 2853 = 8*d, m*d - 2*r = 3806. Is d a composite number?
False
Let q(z) = 3858*z**2 + 131*z - 2. Is q(5) a prime number?
True
Suppose 3*p - 2*u = -u + 4, 0 = 2*p + 4*u + 16. Suppose 5*c + h - 13283 = p, -3*c + 4*h + 5947 = -2032. Is c prime?
True
Let t(w) = 5569*w**3 - 3*w + 3. Let c(y) = -y**2 - 24*y + 1. Let n be c(-24). Is t(n) a composite number?
False
Suppose -2185 = -187*x + 72*x. Let y(q) be the third derivative of q**6/120 - 4*q**5/15 - q**4/12 + 2*q**3 + q**2. Is y(x) composite?
True
Let f = 39 + -18. Suppose -q + 35 = 5*i, 0*i + q + f = 3*i. Suppose i*w = w + 2886. Is w prime?
False
Let c = 122403 + 560516. Is c a composite number?
True
Let k be (39/(-2))/(-3)*2. Let h(a) = 4*a**2 - 20*a + 271. Let r be h(20). Suppose -14*x + r = -k*x. Is x prime?
True
Let a be (4/14)/(8/224). Suppose -a = -4*t - 0. Suppose -j = b - 250, j + t*j = -3. Is b a prime number?
True
Let n be -6 + 0 + 6 - -449. Suppose -5*h + 14334 = n. Is h composite?
False
Let p be (24/20*-1)/((-1)/5). Suppose -10*a - 3*n = -p*a - 44350, -a = -4*n - 11097. Is a a prime number?
False
Suppose -10*b + 355 = -105. Suppose -54*y + 25832 = -b*y. Is y prime?
True
Let i = 443 + -438. Suppose l + f - 2172 = 0, -7*l - i*f = -4*l - 6518. Is l a prime number?
False
Let a be (-4251 - -2)*(1 + -2). Suppose -331*l + 354*l = 69. Suppose 4*s - 4229 = -l*h, h - 2*h = -4*s + a. Is s a composite number?
False
Let o(j) = 316*j**3 - 2*j**2 + 2*j + 3. Let w be o(-1). Let d = 263 - -325. Let f = w + d. Is f a prime number?
True
Let i(g) = -17*g - 4. Let u = 28 + -30. Let x be (-12 - (-3 + 4)) + u. Is i(x) a composite number?
False
Let l(q) = q**3 - 6*q**2 - q. Let b be l(6). Let m(c) = -2*c**3 - 6*c**2 - 12. Let f be m(b). Let t = f + -71. Is t a prime number?
False
Let a be (8/(-10))/2 - 3648/(-120). Let u be (12/a - (-21)/(-15)) + 0. Is (227 + u)*105/30 prime?
False
Let u(s) = -2375*s + 1261. Is u(-6) prime?
True
Let r = -3067 + 1303. Let z = -1235 - r. Is z a prime number?
False
Let w be (-1 - -11711)*(5 + 0 - 4). Let t = 18167 - w. Is t a composite number?
True
Let j(g) = g. Let o(q) = q - 1. Let m be o(0). Let f be j(m). Is 110 - (f - 1 - (8 + -9)) a prime number?
False
Suppose 4*m + m - 90 = 0. Suppose -16*c = -7*c - m. Is 382 + (-6)/c + -2 composite?
True
Is (-790004)/(-8) - 132/88 a prime number?
False
Let u(v) = v**2 + 4*v - 2. Let d be u(-5). Suppose -d*m - 145 = -160. Is 2017/m - 10/25 a prime number?
False
Suppose 2061959 = -106*k + 15543145. Is k a prime number?
False
Let m(p) be the second derivative of p**4/12 + 4*p**3/3 + 19*p**2/2 + 21*p. Let c be m(-9). Suppose 0 = -c*l + 23*l + 2045. Is l a composite number?
False
Suppose -2*k + 5087 = 3*a - 551, -11296 = -4*k - a. Let h = -1866 + k. Is h a prime number?
False
Let x(p) = -5458*p**3 - 2*p**2 + 13*p + 13. Is x(-2) a prime number?
False
Let l(t) = -39*t**3 + 8*t**2 - 11*t - 21. Let g be l(7). Let p = -7010 - g. Is p a composite number?
False
Is ((-37)/(-1))/(148/112036) a composite number?
True
Let u = 199 - 475. Let d(r) = 132*r - 1. Let h be d(-1). Let c = h - u. Is c a composite number?
True
Let d be (-34686)/(-9) - (3 - (0 - 0)). Suppose -19234 = -5*r - 3*k, r + 12*k = 10*k + d. Is r composite?
True
Suppose -467267 = -2*a + 3*u, 700898 = a + 2*a - 5*u. Is a composite?
False
Suppose 30*d + 186058 = 3282328. Is d a prime number?
False
Is (431/3)/(2/66)*1 a prime number?
False
Suppose -92*k = -90*k - 3*y - 175801, 0 = 2*k + 3*y - 175843. Is k prime?
True
Is (7/168*8)/((-4)/(-893796)) prime?
False
Let o(j) be the third derivative of 0*j + 0 - 1/40*j**6 + 1/30*j**5 - 7/6*j**3 - 7/12*j**4 + 7*j**2. Is o(-6) prime?
True
Suppose 46382 = -8*g - 9402. Let v = g + 11748. Suppose -11*p + 6*p = -v. Is p a composite number?
True
Suppose -92*a + 47*a = -1532205. Is a prime?
False
Suppose 5*h = -5, h = -4*x - 1 + 8. Suppose -5*w + x*w - 818 = -5*f, -w + 5*f - 286 = 0. Let c = 663 + w. Is c prime?
True
Let k(r) = -42*r - 86. Let n be (5/3)/((-5)/30). Is k(n) prime?
False
Let v = -29935 - -45916. Suppose 70*r - 73*r = -v. Is r a prime number?
False
Let z = -55 - -54. Let d(a) = -1524*a - 13. Is d(z) a prime number?
True
Let u = 57 - 60. Let x be 1 - u - 0 - 0. Suppose x*h - 3969 + 1101 = 0. Is h prime?
False
Let h(z) = 223*z**3 + 23*z**2 - 49*z - 4. Is h(11) a prime number?
True
Suppose -549*b + 544*b + 7363430 = 5*m, -m + 2945363 = 2*b. Is b a prime number?
True
Let k = 133089 - 59090. Is k composite?
False
Let z(s) = -s**3 - 11*s**2 - s - 16. Let x be z(-11). Is 7 + x + (-4149)/(-1) composite?
True
Suppose -h + 1 + 10 = 0. Suppose -4*o - 2*u + 671 = -241, o + 5*u = 246. Suppose -3*p + o = -h. Is p composite?
False
Let v(x) = 313*x**2 - 3*x + 9. Let l be v(-15). Suppose -1019 + l = 5*s. Let w = -9219 + s. Is w composite?
False
Let l(k) = 2269*k**3 + k + 1. Let h = 269 - 268. Is l(h) a composite number?
True
Let v(b) = 310*b + 139. Is v(34) a composite number?
True
Suppose -3954 = -x + 450. Suppose 3*p = 7*p - x. Is p composite?
True
Let t be ((2 + (-2)/1)/2)/(-2). Suppose t = 2*i - i - 1838. Suppose -4*h + i = -2*h. Is h prime?
True
Suppose 4*k + 2*m + 20 + 96 = 0, 2*k + 3*m = -62. Let r = 26 + k. Is (-5)/((-5)/422) - (5 + r) a prime number?
True
Let w(h) = 46056*h - 2801. Is w(3) prime?
True
Is ((-3876147)/(-87))/((-1)/(-5)) + 554/(-8033) a composite number?
True
Let l = 22 + -17. Suppose -l*q = -0 + 20. Is q/(-8) + (-399)/(-6) a prime number?
True
Suppose 3180204 = 77*l - 13230113. Is l a composite number?
True
Let a(p) = -8*p - 128. Let r be a(-15). Is 4314 + -5 + (r - -16) prime?
False
Let p be 417/9*-3*5. Let b = p + 1214. Is b prime?
False
Suppose 3*p - 11316 = 3*f, 2*p = -f + 2*f + 7540. Suppose 4828 = 28*r - p. Is r prime?
True
Suppose -5*n + 2*k + 30761 = 0, -19*k + 24*k - 18438 = -3*n. Let s = n + 12. Is s composite?
False
Suppose -18*i - 248*i + 18551379 = -35*i. Is i a prime number?
True
Let n be 3/6 - (-15498)/4. Let b(v) = v**3 - 29*v**2 - 42*v + 34. Let k be b(27). Let z = n + k. Is z prime?
False
Suppose 15*x = -26*x - 123. Is 84/x*(-4)/(48/4317) prime?
False
Suppose 3*o - 12843 = q, -3*o - q - 4730 + 17585 = 0. Is o composite?
False
Suppose 739 = u - 2*w - 122, -5*u = 2*w - 4281. Suppose 26547 = 14*y + u. Is y composite?
True
Let h = -252 + 245. Let w(z) = -3*z**3 - 5*z**2 + 29*z + 6. Is w(h) composite?
False
Let z = 149 + -163. Is (3246/(-4))/(-3)*(16 + z) a prime number?
True
Let n be 0/((-21)/(-3) + -8). Suppose z = -4*z + 20. Suppose n = -z*y + y + 1653. Is y a prime number?
False
Let g(b) = 13297*b**2 + 107*b + 461. Is g(-4) a composite number?
True
Let j(o) = 979*o**2 - 2195*o - 65. Is j(-39) prime?
False
Suppose 2*v + 0*o - 2*o = 10916, -10916 = -2*v + 4*o. Suppose -1252 = 3*d - v. Suppose 2*h + u = -u + 2804, 0 = h - 3*u - d. Is h a prime number?
False
Suppose 1993 = 2*r + 4*d - 1561, 3*d = 9